{"id":2541,"date":"2023-12-23T13:20:32","date_gmt":"2023-12-23T12:20:32","guid":{"rendered":"https:\/\/agevp60.com\/?page_id=2541"},"modified":"2024-03-03T17:19:24","modified_gmt":"2024-03-03T16:19:24","slug":"mon-agevp","status":"publish","type":"page","link":"https:\/\/agevp60.com\/index.php\/mon-agevp\/","title":{"rendered":"Mon AGEVP"},"content":{"rendered":"\t\t<div data-elementor-type=\"wp-page\" data-elementor-id=\"2541\" class=\"elementor elementor-2541\">\n\t\t\t\t<div class=\"elementor-element elementor-element-1c79881 e-flex e-con-boxed e-con e-parent\" data-id=\"1c79881\" data-element_type=\"container\" data-e-type=\"container\">\n\t\t\t\t\t<div class=\"e-con-inner\">\n\t\t\t\t<div class=\"elementor-element elementor-element-289dee6 elementor-widget elementor-widget-text-editor\" data-id=\"289dee6\" data-element_type=\"widget\" data-e-type=\"widget\" data-widget_type=\"text-editor.default\">\n\t\t\t\t<div class=\"elementor-widget-container\">\n\t\t\t\t\t\t\t\t\t<p style=\"text-align: right;\"><strong>Vous avez des souvenirs, des anecdotes, des sentiments \u00e0 exprimer ?<\/strong><\/p>\n<p style=\"text-align: right;\"><strong>Vous avez des photos, des vid\u00e9os, des enregistrements sonores \u00e0 partager ?<\/strong><\/p>\n<p style=\"text-align: right;\"><strong>Cet espace est \u00e0 vous, <a style=\"text-decoration: none;\" href=\"https:\/\/agevp60.com\/index.php\/2024\/01\/10\/page-de-contact\/\">contactez-nous<\/a> vite !<\/strong><\/p>\t\t\t\t\t\t\t\t<\/div>\n\t\t\t\t<\/div>\n\t\t\t\t<div class=\"elementor-element elementor-element-0f54d2d elementor-widget elementor-widget-text-editor\" data-id=\"0f54d2d\" data-element_type=\"widget\" data-e-type=\"widget\" data-widget_type=\"text-editor.default\">\n\t\t\t\t<div class=\"elementor-widget-container\">\n\t\t\t\t\t\t\t\t\t<p><em>Pensez \u00e0 lire \u00e9galement les textes qui se trouvent sur la branche en vietnamien si comprenez cette langue&#8230;\u00a0<\/em><\/p>\t\t\t\t\t\t\t\t<\/div>\n\t\t\t\t<\/div>\n\t\t\t\t\t<\/div>\n\t\t\t\t<\/div>\n\t\t<div class=\"elementor-element elementor-element-8452613 e-flex e-con-boxed e-con e-parent\" data-id=\"8452613\" data-element_type=\"container\" data-e-type=\"container\">\n\t\t\t\t\t<div class=\"e-con-inner\">\n\t\t\t\t<div class=\"elementor-element elementor-element-96b5ae5 elementor-widget-divider--view-line elementor-widget elementor-widget-divider\" data-id=\"96b5ae5\" data-element_type=\"widget\" data-e-type=\"widget\" data-widget_type=\"divider.default\">\n\t\t\t\t<div class=\"elementor-widget-container\">\n\t\t\t\t\t\t\t<div class=\"elementor-divider\">\n\t\t\t<span class=\"elementor-divider-separator\">\n\t\t\t\t\t\t<\/span>\n\t\t<\/div>\n\t\t\t\t\t\t<\/div>\n\t\t\t\t<\/div>\n\t\t\t\t<div class=\"elementor-element elementor-element-fade4fa elementor-widget elementor-widget-text-editor\" data-id=\"fade4fa\" data-element_type=\"widget\" data-e-type=\"widget\" data-widget_type=\"text-editor.default\">\n\t\t\t\t<div class=\"elementor-widget-container\">\n\t\t\t\t\t\t\t\t\t<p><b><a style=\"text-decoration: none;\" href=\"https:\/\/agevp60.com\/index.php\/2024\/01\/05\/les-plus-beaux-jours\/\">Les plus beaux jours &#8211; Phan V\u0103n H\u01b0ng<\/a><\/b><\/p><p>Vers la fin de l\u2019ann\u00e9e 1969, je mis les pieds \u00e0 Paris, tout jeune \u00e9tudiant na\u00eff qui quitta sa famille pour la premi\u00e8re fois et se trouva parachut\u00e9 dans un monde compl\u00e8tement \u00e9tranger. Pourtant, quelques mois apr\u00e8s, j&rsquo;effectuais mes premiers pas au sein de l&rsquo;Association G\u00e9n\u00e9rale des Etudiants Vietnamiens de Paris (AGEVP) car enr\u00f4l\u00e9 pour aider \u00e0 l&rsquo;organisation de la soir\u00e9e du T\u00eat.<\/p><p>A cette p\u00e9riode, l\u2019AGEVP n\u2019avait pas encore <a style=\"text-decoration: none; color: inherit;\" href=\"https:\/\/agevp60.com\/index.php\/2024\/01\/05\/les-plus-beaux-jours\/#Nhung_Ngay_Dep_Nhat\">[&#8230;]<\/a><\/p>\t\t\t\t\t\t\t\t<\/div>\n\t\t\t\t<\/div>\n\t\t\t\t\t<\/div>\n\t\t\t\t<\/div>\n\t\t<div class=\"elementor-element elementor-element-135347a e-flex e-con-boxed e-con e-parent\" data-id=\"135347a\" data-element_type=\"container\" data-e-type=\"container\">\n\t\t\t\t\t<div class=\"e-con-inner\">\n\t\t\t\t<div class=\"elementor-element elementor-element-e8a23db elementor-widget-divider--view-line elementor-widget elementor-widget-divider\" data-id=\"e8a23db\" data-element_type=\"widget\" data-e-type=\"widget\" data-widget_type=\"divider.default\">\n\t\t\t\t<div class=\"elementor-widget-container\">\n\t\t\t\t\t\t\t<div class=\"elementor-divider\">\n\t\t\t<span class=\"elementor-divider-separator\">\n\t\t\t\t\t\t<\/span>\n\t\t<\/div>\n\t\t\t\t\t\t<\/div>\n\t\t\t\t<\/div>\n\t\t\t\t<div class=\"elementor-element elementor-element-3da8258 elementor-widget elementor-widget-text-editor\" data-id=\"3da8258\" data-element_type=\"widget\" data-e-type=\"widget\" data-widget_type=\"text-editor.default\">\n\t\t\t\t<div class=\"elementor-widget-container\">\n\t\t\t\t\t\t\t\t\t<p><b><a style=\"text-decoration: none;\" href=\"https:\/\/agevp60.com\/index.php\/2024\/01\/10\/souvenirs-de-lxat\/\">A jamais en moi &#8211; L\u01b0\u01a1ng Anh Tu\u1ea5n<\/a><\/b><\/p><p>Il a fallu attendre cinq ans !<\/p><p>30 avril 1975 \u2013 30 avril 1980. Apr\u00e8s avoir v\u00e9cu cinq ans sous un r\u00e9gime, o\u00f9 on doit se m\u00e9fier de tout, m\u00eame de ses amis les plus proches, de vraie dictature, en mars 1980, j\u2019ai pu enfin respirer un bol d\u2019air de libert\u00e9. Je suis en France. Je suis <a style=\"text-decoration: none; color: inherit;\" href=\"https:\/\/agevp60.com\/index.php\/2024\/01\/10\/souvenirs-de-lxat\/#A_Jamais_En_Moi\">[<em>&#8230;<\/em>]<\/a><\/p>\t\t\t\t\t\t\t\t<\/div>\n\t\t\t\t<\/div>\n\t\t\t\t\t<\/div>\n\t\t\t\t<\/div>\n\t\t<div class=\"elementor-element elementor-element-4dc086b e-flex e-con-boxed e-con e-parent\" data-id=\"4dc086b\" data-element_type=\"container\" data-e-type=\"container\">\n\t\t\t\t\t<div class=\"e-con-inner\">\n\t\t\t\t<div class=\"elementor-element elementor-element-903b06b elementor-widget-divider--view-line elementor-widget elementor-widget-divider\" data-id=\"903b06b\" data-element_type=\"widget\" data-e-type=\"widget\" data-widget_type=\"divider.default\">\n\t\t\t\t<div class=\"elementor-widget-container\">\n\t\t\t\t\t\t\t<div class=\"elementor-divider\">\n\t\t\t<span class=\"elementor-divider-separator\">\n\t\t\t\t\t\t<\/span>\n\t\t<\/div>\n\t\t\t\t\t\t<\/div>\n\t\t\t\t<\/div>\n\t\t\t\t<div class=\"elementor-element elementor-element-73d8275 elementor-widget elementor-widget-text-editor\" data-id=\"73d8275\" data-element_type=\"widget\" data-e-type=\"widget\" data-widget_type=\"text-editor.default\">\n\t\t\t\t<div class=\"elementor-widget-container\">\n\t\t\t\t\t\t\t\t\t<p><b><a style=\"text-decoration: none;\" href=\"https:\/\/agevp60.com\/index.php\/2024\/03\/03\/soixante-ans-lage-de-raison\/\">Soixante ans, l&rsquo;\u00e2ge de raison &#8211; Nguy\u1ec5n L\u01b0\u01a1ng Hi\u1ec1n<\/a><\/b><\/p><p>Anh Nam (je fais re\u0301fe\u0301rence ici a\u0300 \u0110a\u0323\u0306ng Qu\u1ed1c Nam, pre\u0301sident de l\u2019AGEVP de 2010 a\u0300 2014, que nous appelions tous, au bureau, \u00ab\u00a0anh Nam\u00a0\u00bb), pour ceux qui le connaissent, a eu la cinquantaine pluto\u0302t mouvemente\u0301e.<\/p><div id=\"Soixante_Ans_Age_De_Raison\">Les ale\u0301as de sa vie lui ont peut-e\u0302tre fait comprendre <a style=\"text-decoration: none; color: inherit;\" href=\"https:\/\/agevp60.com\/index.php\/2024\/03\/03\/soixante-ans-lage-de-raison\/\/#Soixante_Ans_Age_De_Raison\">[<em>&#8230;<\/em>]<\/a><\/div>\t\t\t\t\t\t\t\t<\/div>\n\t\t\t\t<\/div>\n\t\t\t\t\t<\/div>\n\t\t\t\t<\/div>\n\t\t\t\t<\/div>\n\t\t","protected":false},"excerpt":{"rendered":"<p>Vous avez des souvenirs, des anecdotes, des sentiments \u00e0 exprimer ? Vous avez des photos, des vid\u00e9os, des enregistrements sonores \u00e0 partager ? Cet espace est \u00e0 vous, contactez-nous vite ! Pensez \u00e0 lire \u00e9galement les textes qui se trouvent sur la branche en vietnamien si comprenez cette langue&#8230;\u00a0 Les plus beaux jours &#8211; Phan [&hellip;]<\/p>\n","protected":false},"author":2,"featured_media":0,"parent":0,"menu_order":0,"comment_status":"closed","ping_status":"closed","template":"","meta":{"footnotes":""},"class_list":["post-2541","page","type-page","status-publish","hentry"],"_links":{"self":[{"href":"https:\/\/agevp60.com\/index.php\/wp-json\/wp\/v2\/pages\/2541","targetHints":{"allow":["GET"]}}],"collection":[{"href":"https:\/\/agevp60.com\/index.php\/wp-json\/wp\/v2\/pages"}],"about":[{"href":"https:\/\/agevp60.com\/index.php\/wp-json\/wp\/v2\/types\/page"}],"author":[{"embeddable":true,"href":"https:\/\/agevp60.com\/index.php\/wp-json\/wp\/v2\/users\/2"}],"replies":[{"embeddable":true,"href":"https:\/\/agevp60.com\/index.php\/wp-json\/wp\/v2\/comments?post=2541"}],"version-history":[{"count":34,"href":"https:\/\/agevp60.com\/index.php\/wp-json\/wp\/v2\/pages\/2541\/revisions"}],"predecessor-version":[{"id":7027,"href":"https:\/\/agevp60.com\/index.php\/wp-json\/wp\/v2\/pages\/2541\/revisions\/7027"}],"wp:attachment":[{"href":"https:\/\/agevp60.com\/index.php\/wp-json\/wp\/v2\/media?parent=2541"}],"curies":[{"name":"wp","href":"https:\/\/api.w.org\/{rel}","templated":true}]}}